{"id":5916,"date":"2018-11-04T12:22:47","date_gmt":"2018-11-04T12:22:47","guid":{"rendered":"http:\/\/foxphoto.de\/?page_id=5916"},"modified":"2025-12-28T20:52:19","modified_gmt":"2025-12-28T20:52:19","slug":"datenschutzerklaerung-2","status":"publish","type":"page","link":"https:\/\/foxphoto.de\/?page_id=5916","title":{"rendered":"Datenschutzerkl\u00e4rung"},"content":{"rendered":"<!-- wp:themify-builder\/canvas \/-->\n\n<p>&nbsp;<\/p>\n<p>&nbsp;<\/p>","protected":false},"excerpt":{"rendered":"<p>&nbsp; &nbsp;<\/p>\n","protected":false},"author":1,"featured_media":0,"parent":5914,"menu_order":0,"comment_status":"closed","ping_status":"closed","template":"","meta":{"jetpack_post_was_ever_published":false,"footnotes":""},"class_list":["post-5916","page","type-page","status-publish","hentry","has-post-title","has-post-date","has-post-category","has-post-tag","has-post-comment","has-post-author",""],"jetpack_sharing_enabled":true,"jetpack_shortlink":"https:\/\/wp.me\/P5bR1o-1xq","builder_content":"<h3>Datenschutzerkl\u00e4rung<\/h3>\n<p><strong>foxphoto.de<\/strong> ist um die Einhaltung der rechtlichen Vorgaben und um den Schutz der Nutzer- und Besucher-Daten seiner Internet-Seiten bedacht. Wir gehen mit diesem Thema offen und transparent um. Aus diesem Grund informieren wir hier gem. DSGVO \u00fcber die Erhebung, Nutzung und Speicherung von personenbezogenen Daten auf unseren Seiten. Alle Daten werden vertraulich und gem\u00e4\u00df den gesetzlichen Bestimmungen behandelt. Folgende Vorgaben m\u00fcssen nach deutschem Recht eingehalten werden:<\/p><p><strong>Datenschutzerkl\u00e4rung:<\/strong><\/p><p>Jede Website muss ihre Nutzer dar\u00fcber informieren, welche personenbezogenen Daten gespeichert und erhoben werden. Der Link zur Datenschutzerkl\u00e4rung muss von jeder Seite der Website aus zu erreichen sein. Unsere finden Sie nachfolgend:<\/p><p><strong>Auskunftspflicht:<\/strong><\/p><p>M\u00f6chte ein Besucher unserer Seite erfahren, welche Daten \u00fcber ihn gespeichert wurden, hat er das Recht, kostenlose Auskunft zu erhalten. Schreiben Sie dazu bitte eine formlose E-Mail (sh. Kontakt) an uns. Wir werden Ihr Anliegen zeitnah bearbeiten.<\/p><p><strong>Berichtigungs- und L\u00f6schpflicht:<\/strong><\/p><p>Sind gespeicherte Daten falsch, m\u00fcssen diese auf Wunsch des Betroffenen berichtigt oder gel\u00f6scht werden. Sofern dieser Wunsch nicht mit einer gesetzlichen Pflicht zur Aufbewahrung von Daten (z. B. Vorratsdatenspeicherung) kollidiert, haben Sie ein Recht auf Berichtigung falscher Daten und auf die Sperrung\/L\u00f6schung Ihrer personenbezogenen Daten. Daran halten wir uns selbstverst\u00e4ndlich (sh. auch Auskunftspflicht). Bildrechte: Alle Bilder und Fotos sind urheberrechtlich gesch\u00fctzt.&nbsp;<\/p><p><strong>Impressumspflicht:&nbsp;<\/strong><\/p><p>Jede Website muss ein Impressum haben. Unseres finden Sie hier&nbsp;<a href=\"http:\/\/foxphoto.de\/?page_id=2365\">Impressum<\/a><\/p><p><strong>Datenschutzerkl\u00e4rung foxphoto.de:<\/strong><\/p><p>Die Nutzung unserer Webseite ist in der Regel ohne Angabe personenbezogener Daten m\u00f6glich. Soweit auf unseren Seiten personenbezogene Daten (beispielsweise Name, Anschrift oder E-Mail-Adressen) erhoben werden (z.B. bei Gewinnspielen o.\u00e4.), erfolgt dies, soweit m\u00f6glich, stets auf freiwilliger Basis. Diese Daten werden ohne Ihre ausdr\u00fcckliche Zustimmung nicht an Dritte weitergegeben.<\/p><p>Diese Datenschutzerkl\u00e4rung soll die Nutzer und Besucher unserer Internet-Seite\/n gem\u00e4\u00df Bundesdatenschutzgesetz und Telemediengesetz \u00fcber die Art, den Umfang und den Zweck der Erhebung und Verwendung Personenbezogener Daten informieren.<\/p><p>Der Websitebetreiber bzw. der Seitenprovider erhebt Daten \u00fcber Zugriffe auf die Seite und speichert diese als sog. \u201eServer-Logfiles\u201c ab. Folgende Daten werden protokolliert:<\/p><ul><li>Besuchte Website<\/li><li>Uhrzeit zum Zeitpunkt des Zugriffes<\/li><li>Menge der gesendeten Daten in Byte<\/li><li>Quelle\/Verweis, von welchem Sie auf die Seite gelangten<\/li><li>Verwendeter Browser<\/li><li>Verwendetes Betriebssystem<\/li><li>Verwendete IP-Adresse<\/li><\/ul><p>Die erhobenen Daten dienen rein statistischen Auswertungen und zur Verbesserung der Website. Der Betreiber beh\u00e4lt sich allerdings vor, die Server-Logfiles nachtr\u00e4glich zu \u00fcberpr\u00fcfen, sollten konkrete Anhaltspunkte auf eine rechtswidrige Nutzung hinweisen.<\/p><p><strong>Newsletter:&nbsp;<\/strong><\/p><p><strong>foxphoto.de<\/strong> versendet keinen Newsletter.<\/p><p><strong>Cookies:<\/strong><\/p><p>Dabei handelt es sich um kleine Textdateien, welche auf Ihrem Endger\u00e4t gespeichert werden. Ihr Browser greift auf diese Dateien zu. Durch den Einsatz von Cookies erh\u00f6ht sich die Benutzerfreundlichkeit und Sicherheit dieser Website. G\u00e4ngige Browser bieten die Einstellungsoption, Cookies nicht zuzulassen. Hinweis: Es ist nicht gew\u00e4hrleistet, dass Sie auf alle Funktionen dieser Website ohne Einschr\u00e4nkungen zugreifen k\u00f6nnen, wenn Sie entsprechende Einstellungen vornehmen. Personenbezogene Daten: Wir erheben, nutzen und geben Ihre personenbezogenen Daten nur dann weiter, wenn dies im gesetzlichen Rahmen erlaubt ist oder Sie in die Datenerhebung einwilligen. Als personenbezogene Daten gelten s\u00e4mtliche Informationen, welche dazu dienen, Ihre Person zu bestimmen und welche zu Ihnen zur\u00fcckverfolgt werden k\u00f6nnen \u2013 also beispielsweise Ihr Name, Ihre E-Mail-Adresse und Telefonnummer.<\/p><p><strong>SSL- bzw. TLS-Verschl\u00fcsselung:<\/strong><\/p><p>Diese Seite nutzt aus Sicherheitsgr\u00fcnden und zum Schutz der \u00dcbertragung vertraulicher Inhalte, wie zum Beispiel Bestellungen oder Anfragen, die Sie an uns als Seitenbetreiber senden, eine SSL-bzw. TLS-Verschl\u00fcsselung. Eine verschl\u00fcsselte Verbindung erkennen Sie daran, dass die Adresszeile des Browsers von \u201chttp:\/\/\u201d auf \u201chttps:\/\/\u201d wechselt und an dem Schloss-Symbol in Ihrer Browserzeile.<\/p><p>Wenn die SSL- bzw. TLS-Verschl\u00fcsselung aktiviert ist, k\u00f6nnen die Daten, die Sie an uns \u00fcbermitteln, nicht von Dritten mitgelesen werden.<\/p><p><strong>Kontaktdaten:<\/strong><\/p><p>Nehmen Sie mit uns durch die angebotenen Kontaktm\u00f6glichkeiten Verbindung auf, werden Ihre Angaben gespeichert, damit auf diese zur Bearbeitung und Beantwortung Ihrer Anfrage zur\u00fcckgegriffen werden kann. Ohne Ihre Einwilligung werden diese Daten nicht an Dritte weitergegeben. Wir beantworten Ihre Kontaktaufnahme pers\u00f6nlich, deswegen bitten wir um etwas Geduld. Wir bem\u00fchen uns Ihr Anliegen zeitnah zu erledigen.<\/p><p><strong>Kommentar-Funktion:&nbsp;<\/strong><\/p><p>Eine Kommentar-Funktion ist auf <strong>foxphoto.de<\/strong> ausgeschaltet.&nbsp;<\/p><p><strong>Google-Maps:&nbsp;<\/strong><\/p><p>Diese Webseite verwendet das Plugin Google Maps von Google Inc. nicht.<\/p><p><strong>Google-Analytics:&nbsp;<\/strong><\/p><p>Diese Webseite verwendet das Plugin Google Analytics von Google Inc. nicht, es werden keine Daten an Google gesendet oder gespeichert.<\/p><p><strong>Vorwort Social Media:<\/strong><\/p><p>Grunds\u00e4tzlich sind Social-Media-Plattformen und Datenschutz auf Dauer nur schwer vereinbar: Das sog. \u201ePrivatsph\u00e4re-Dilemma\u201c resultiert daraus, dass Facebook und Co. stets ein St\u00fcck weit der extrovertierten Selbstdarstellung dienen, wo gerne und freiwillig Fotos und Informationen preis gegeben werden, die normalerweise nie in die \u00d6ffentlichkeit geraten w\u00fcrden. Die Privatsph\u00e4re-Einstellungen sind die Basis um den Datenschutz bei sozialen Netzwerken so gut wie m\u00f6glich zu gew\u00e4hrleisten. Es geht nicht nur um Ihren eigenen Datenschutz: In sozialen Netzwerken m\u00fcssen Sie auch die Rechte anderer Mitglieder achten \u2013 etwa das Recht am eigenen Bild!<\/p><p><strong>Social-Media-PlugIns:<\/strong><\/p><p>Diese Website verwendet folgende Social Media -PlugIns:<\/p><p>Facebook<\/p><p>Instagram<\/p>","_links":{"self":[{"href":"https:\/\/foxphoto.de\/index.php?rest_route=\/wp\/v2\/pages\/5916","targetHints":{"allow":["GET"]}}],"collection":[{"href":"https:\/\/foxphoto.de\/index.php?rest_route=\/wp\/v2\/pages"}],"about":[{"href":"https:\/\/foxphoto.de\/index.php?rest_route=\/wp\/v2\/types\/page"}],"author":[{"embeddable":true,"href":"https:\/\/foxphoto.de\/index.php?rest_route=\/wp\/v2\/users\/1"}],"replies":[{"embeddable":true,"href":"https:\/\/foxphoto.de\/index.php?rest_route=%2Fwp%2Fv2%2Fcomments&post=5916"}],"version-history":[{"count":42,"href":"https:\/\/foxphoto.de\/index.php?rest_route=\/wp\/v2\/pages\/5916\/revisions"}],"predecessor-version":[{"id":6586,"href":"https:\/\/foxphoto.de\/index.php?rest_route=\/wp\/v2\/pages\/5916\/revisions\/6586"}],"up":[{"embeddable":true,"href":"https:\/\/foxphoto.de\/index.php?rest_route=\/wp\/v2\/pages\/5914"}],"wp:attachment":[{"href":"https:\/\/foxphoto.de\/index.php?rest_route=%2Fwp%2Fv2%2Fmedia&parent=5916"}],"curies":[{"name":"wp","href":"https:\/\/api.w.org\/{rel}","templated":true}]}}

Datenschutzerklärung

<h3>Datenschutzerklärung</h3>
<p><strong>foxphoto.de</strong> ist um die Einhaltung der rechtlichen Vorgaben und um den Schutz der Nutzer- und Besucher-Daten seiner Internet-Seiten bedacht. Wir gehen mit diesem Thema offen und transparent um. Aus diesem Grund informieren wir hier gem. DSGVO über die Erhebung, Nutzung und Speicherung von personenbezogenen Daten auf unseren Seiten. Alle Daten werden vertraulich und gemäß den gesetzlichen Bestimmungen behandelt. Folgende Vorgaben müssen nach deutschem Recht eingehalten werden:</p><p><strong>Datenschutzerklärung:</strong></p><p>Jede Website muss ihre Nutzer darüber informieren, welche personenbezogenen Daten gespeichert und erhoben werden. Der Link zur Datenschutzerklärung muss von jeder Seite der Website aus zu erreichen sein. Unsere finden Sie nachfolgend:</p><p><strong>Auskunftspflicht:</strong></p><p>Möchte ein Besucher unserer Seite erfahren, welche Daten über ihn gespeichert wurden, hat er das Recht, kostenlose Auskunft zu erhalten. Schreiben Sie dazu bitte eine formlose E-Mail (sh. Kontakt) an uns. Wir werden Ihr Anliegen zeitnah bearbeiten.</p><p><strong>Berichtigungs- und Löschpflicht:</strong></p><p>Sind gespeicherte Daten falsch, müssen diese auf Wunsch des Betroffenen berichtigt oder gelöscht werden. Sofern dieser Wunsch nicht mit einer gesetzlichen Pflicht zur Aufbewahrung von Daten (z. B. Vorratsdatenspeicherung) kollidiert, haben Sie ein Recht auf Berichtigung falscher Daten und auf die Sperrung/Löschung Ihrer personenbezogenen Daten. Daran halten wir uns selbstverständlich (sh. auch Auskunftspflicht). Bildrechte: Alle Bilder und Fotos sind urheberrechtlich geschützt.&nbsp;</p><p><strong>Impressumspflicht:&nbsp;</strong></p><p>Jede Website muss ein Impressum haben. Unseres finden Sie hier&nbsp;<a href="http://foxphoto.de/?page_id=2365">Impressum</a></p><p><strong>Datenschutzerklärung foxphoto.de:</strong></p><p>Die Nutzung unserer Webseite ist in der Regel ohne Angabe personenbezogener Daten möglich. Soweit auf unseren Seiten personenbezogene Daten (beispielsweise Name, Anschrift oder E-Mail-Adressen) erhoben werden (z.B. bei Gewinnspielen o.ä.), erfolgt dies, soweit möglich, stets auf freiwilliger Basis. Diese Daten werden ohne Ihre ausdrückliche Zustimmung nicht an Dritte weitergegeben.</p><p>Diese Datenschutzerklärung soll die Nutzer und Besucher unserer Internet-Seite/n gemäß Bundesdatenschutzgesetz und Telemediengesetz über die Art, den Umfang und den Zweck der Erhebung und Verwendung Personenbezogener Daten informieren.</p><p>Der Websitebetreiber bzw. der Seitenprovider erhebt Daten über Zugriffe auf die Seite und speichert diese als sog. „Server-Logfiles“ ab. Folgende Daten werden protokolliert:</p><ul><li>Besuchte Website</li><li>Uhrzeit zum Zeitpunkt des Zugriffes</li><li>Menge der gesendeten Daten in Byte</li><li>Quelle/Verweis, von welchem Sie auf die Seite gelangten</li><li>Verwendeter Browser</li><li>Verwendetes Betriebssystem</li><li>Verwendete IP-Adresse</li></ul><p>Die erhobenen Daten dienen rein statistischen Auswertungen und zur Verbesserung der Website. Der Betreiber behält sich allerdings vor, die Server-Logfiles nachträglich zu überprüfen, sollten konkrete Anhaltspunkte auf eine rechtswidrige Nutzung hinweisen.</p><p><strong>Newsletter:&nbsp;</strong></p><p><strong>foxphoto.de</strong> versendet keinen Newsletter.</p><p><strong>Cookies:</strong></p><p>Dabei handelt es sich um kleine Textdateien, welche auf Ihrem Endgerät gespeichert werden. Ihr Browser greift auf diese Dateien zu. Durch den Einsatz von Cookies erhöht sich die Benutzerfreundlichkeit und Sicherheit dieser Website. Gängige Browser bieten die Einstellungsoption, Cookies nicht zuzulassen. Hinweis: Es ist nicht gewährleistet, dass Sie auf alle Funktionen dieser Website ohne Einschränkungen zugreifen können, wenn Sie entsprechende Einstellungen vornehmen. Personenbezogene Daten: Wir erheben, nutzen und geben Ihre personenbezogenen Daten nur dann weiter, wenn dies im gesetzlichen Rahmen erlaubt ist oder Sie in die Datenerhebung einwilligen. Als personenbezogene Daten gelten sämtliche Informationen, welche dazu dienen, Ihre Person zu bestimmen und welche zu Ihnen zurückverfolgt werden können – also beispielsweise Ihr Name, Ihre E-Mail-Adresse und Telefonnummer.</p><p><strong>SSL- bzw. TLS-Verschlüsselung:</strong></p><p>Diese Seite nutzt aus Sicherheitsgründen und zum Schutz der Übertragung vertraulicher Inhalte, wie zum Beispiel Bestellungen oder Anfragen, die Sie an uns als Seitenbetreiber senden, eine SSL-bzw. TLS-Verschlüsselung. Eine verschlüsselte Verbindung erkennen Sie daran, dass die Adresszeile des Browsers von “http://” auf “https://” wechselt und an dem Schloss-Symbol in Ihrer Browserzeile.</p><p>Wenn die SSL- bzw. TLS-Verschlüsselung aktiviert ist, können die Daten, die Sie an uns übermitteln, nicht von Dritten mitgelesen werden.</p><p><strong>Kontaktdaten:</strong></p><p>Nehmen Sie mit uns durch die angebotenen Kontaktmöglichkeiten Verbindung auf, werden Ihre Angaben gespeichert, damit auf diese zur Bearbeitung und Beantwortung Ihrer Anfrage zurückgegriffen werden kann. Ohne Ihre Einwilligung werden diese Daten nicht an Dritte weitergegeben. Wir beantworten Ihre Kontaktaufnahme persönlich, deswegen bitten wir um etwas Geduld. Wir bemühen uns Ihr Anliegen zeitnah zu erledigen.</p><p><strong>Kommentar-Funktion:&nbsp;</strong></p><p>Eine Kommentar-Funktion ist auf <strong>foxphoto.de</strong> ausgeschaltet.&nbsp;</p><p><strong>Google-Maps:&nbsp;</strong></p><p>Diese Webseite verwendet das Plugin Google Maps von Google Inc. nicht.</p><p><strong>Google-Analytics:&nbsp;</strong></p><p>Diese Webseite verwendet das Plugin Google Analytics von Google Inc. nicht, es werden keine Daten an Google gesendet oder gespeichert.</p><p><strong>Vorwort Social Media:</strong></p><p>Grundsätzlich sind Social-Media-Plattformen und Datenschutz auf Dauer nur schwer vereinbar: Das sog. „Privatsphäre-Dilemma“ resultiert daraus, dass Facebook und Co. stets ein Stück weit der extrovertierten Selbstdarstellung dienen, wo gerne und freiwillig Fotos und Informationen preis gegeben werden, die normalerweise nie in die Öffentlichkeit geraten würden. Die Privatsphäre-Einstellungen sind die Basis um den Datenschutz bei sozialen Netzwerken so gut wie möglich zu gewährleisten. Es geht nicht nur um Ihren eigenen Datenschutz: In sozialen Netzwerken müssen Sie auch die Rechte anderer Mitglieder achten – etwa das Recht am eigenen Bild!</p><p><strong>Social-Media-PlugIns:</strong></p><p>Diese Website verwendet folgende Social Media -PlugIns:</p><p>Facebook</p><p>Instagram</p>
